s) = -11*s**2 + 2*s + 25. Let h(j) = 5*j**2 - j - 12. Let x(c) = -13*h(c) - 6*n(c). Let y be x(0). Calculate the greatest common factor of y and 6.
6
Let d = 47 - 28. Let s(f) = 16*f**3 - 2*f**2 + 6*f + 1. Let g be s(2). Calculate the highest common factor of g and d.
19
Let j(s) = 3*s - 2. Let w = -9 + 11. Let q be j(w). Suppose 3*g = -q*v + 31, g + 0 = -3. Calculate the highest common divisor of 90 and v.
10
Suppose 2332*k - 2820 = 2327*k. Calculate the highest common divisor of 12 and k.
12
Suppose -31 = 3*r + 242. Let n = r - -127. What is the highest common factor of n and 36?
36
Let a(k) = -k**2 - 6*k - 1. Let t be a(-4). Suppose 8 = t*u - 62. Calculate the highest common factor of u and 4.
2
Let j be -11*-3*2/(-6). Let v(r) = -5*r + 11. Let f be v(j). Calculate the highest common factor of 33 and f.
33
Suppose 35*g + 8645 = 100*g. Suppose 2*q - 4*a - 28 + 2 = 0, -q = 3*a - 28. Calculate the highest common factor of q and g.
19
Suppose 2*k + 845*s - 42 = 843*s, 0 = 3*k + 4*s - 66. Let c = 25 + -13. Suppose -a = a - c. What is the highest common divisor of a and k?
6
Suppose 0*r + 4*g + 12 = 4*r, -2 = -2*r + 4*g. Calculate the highest common factor of r and 4.
1
Let q = -342 + 502. What is the highest common divisor of 120 and q?
40
Let n be (-2)/(-11) + (9472/88)/2. Calculate the greatest common divisor of n and 450.
18
Suppose -202*u - 16 = -206*u. What is the greatest common divisor of 4 and u?
4
Let w = 15 + -13. Suppose 103 = w*a - 17. Let q(r) = -10*r + 4. Let d be q(-2). What is the highest common factor of d and a?
12
Suppose -4*k = 15 + 53. Let j be 1 + 0 - (k + 14). What is the highest common factor of 16 and j?
4
Let k(o) = o**3 + 5*o**2 - 6*o - 2. Let c be k(-5). Suppose 4*l - c = -4*v + 40, 5*l = -v + 29. Calculate the greatest common factor of 7 and v.
7
Suppose 0 = 4*c + o - 341, 11*c - 9*c - 5*o - 143 = 0. Calculate the highest common factor of c and 24.
12
Let g = 301 - 184. What is the highest common factor of 27 and g?
9
Suppose -15 = -4*g + 37. Let y = g - 14. Let d be (-2 + 1)/(y + 0). What is the highest common factor of d and 4?
1
Suppose -16 = -2*t - 5*o + 49, -35 = -t - 5*o. Let s = t + -36. Let a be (15*1)/(s/(-12)). What is the greatest common factor of 20 and a?
10
Suppose 0*l + 5 = l. Suppose -10 = l*n + 50. Let v = -3 - n. What is the greatest common divisor of 45 and v?
9
Let q be (-3 + (-228)/(-8))*6. Let x be q/7 + 1/7. Let h be (0 + x)/((-2)/(-22)). Calculate the greatest common factor of 22 and h.
22
Let i(v) be the first derivative of 2 + 5/3*v**3 + 1/4*v**4 + 2*v + 0*v**2. Let r be i(-4). What is the greatest common divisor of r and 9?
9
Suppose 6*y + 19 = 5*y. Let a = y - -20. Let s be (-48)/(-3)*(5 + a). Calculate the greatest common divisor of 24 and s.
24
Let b be 266 - (8/(-16))/(3/24). Calculate the greatest common divisor of b and 10.
10
Suppose -s - 4*s - 2*i = -1810, 0 = 5*s + 5*i - 1795. Calculate the highest common divisor of s and 28.
28
Let h be ((-20)/(-6))/(422/60 - 7). Calculate the greatest common factor of 125 and h.
25
Let v be (3 - 0)/6*4. Suppose 0 = c + o - v, 2*o + o + 30 = 3*c. Let n be 56/c*108/12. What is the highest common factor of 12 and n?
12
Let p = -767 - -807. Let a(h) = -h + 360. Let j be a(0). What is the highest common factor of p and j?
40
Let c(i) = -i**3 + 2*i**2 + 3*i + 1. Let x be c(-2). Let q(j) = 3*j**2 + 286*j + 953. Let u be q(-92). Calculate the greatest common factor of x and u.
11
Let x = -224 + 409. Calculate the greatest common divisor of 296 and x.
37
Let b(j) = -j + 11. Let f be b(9). Let q = 2 + f. Let o be (49 + 9)*2/q. What is the greatest common divisor of o and 29?
29
Let z be 0/(0 + -3 + 4). Suppose z = -2*g + 18 + 6. Suppose 0 = -4*f - 2*k + 34, -f - 5*k + g = -k. What is the highest common divisor of 24 and f?
8
Let a be (-6)/1*(-2)/3. Suppose -a*y - 11*s = -15*s - 68, 4*s = -4*y + 44. Calculate the greatest common factor of y and 14.
14
Suppose 2*d + 141 = 9. Let p = d - -96. What is the greatest common divisor of 10 and p?
10
Let a be 10/15*(0 + 42). Let j(f) = -f**3 - 59*f**2 + 58*f - 78. Let s be j(-60). Calculate the highest common factor of a and s.
14
Suppose -2*s - 26 = -4*s. Suppose -50 = -3*t + s. Suppose 2*b - t + 3 = 0. Calculate the highest common factor of 45 and b.
9
Let x(l) = 19*l**2 - l + 2. Let g be x(-2). Let q(w) = -19*w - 5. Let t be q(-2). Let a = -23 + t. Calculate the highest common divisor of a and g.
10
Suppose 9*f - 897 = -114. What is the greatest common divisor of 29 and f?
29
Suppose -2*w = -3*j + 4, -5*j - 2*w + 7*w + 5 = 0. Suppose 0 = 2*b + j*b + 216. Let m = b - -104. What is the greatest common divisor of m and 75?
25
Suppose 316 = 3*s + 217. Calculate the greatest common divisor of 12 and s.
3
Suppose 2*j + d + 7 = 65, 10 = 5*d. What is the greatest common divisor of j and 8?
4
Suppose 0 = -3451*c + 3442*c + 216. Suppose 0 = 3*a - 6 - 0. Suppose 10 = t + a. Calculate the highest common divisor of c and t.
8
Suppose -4*f = 5*q - 14, -14 = -f - q + 5*q. Suppose 3*r = 0, 3*r + 25 - 9 = 2*l. Suppose 3 = 9*a - l*a. Calculate the highest common factor of a and f.
3
Let c be 14/(-3)*294/(-196). Calculate the greatest common factor of 5 and c.
1
Let k be (-3)/(-1) + (-6)/3. Let r be 5/(0 - 3/(-9)) + k. Let o = 150 + 10. Calculate the highest common factor of o and r.
16
Let s(v) = -7*v + 125. Let n be s(-21). Calculate the greatest common divisor of n and 48.
16
Suppose 44*m - 51*m + 294 = 0. Calculate the greatest common divisor of 30 and m.
6
Suppose -413 = -4*l + a, 15*a + 82 = l + 19*a. What is the highest common factor of 680 and l?
34
Let q(l) = -l**3 + 6*l**2 + 5*l + 8. Suppose -3*p + 28 - 10 = 0. Let a be q(p). Suppose -33 = 2*n - 147. Calculate the highest common divisor of n and a.
19
Suppose -t + 125 = -22. What is the greatest common factor of 3 and t?
3
Let h(j) = -8 + 9*j - 23*j - 9*j - 7*j. Let b be h(-4). Let z = 10 - -6. Calculate the highest common divisor of b and z.
16
Let s be -7*((-6)/63)/(3/9). Suppose s*b + 366 = 4*y + 4*b, -4*y + 2*b = -354. Let f = 25 - -11. Calculate the greatest common factor of f and y.
18
Let z = 349 - 219. Calculate the highest common factor of z and 455.
65
Let j = 79 + -23. Let d(w) be the third derivative of -w**4/12 - 3*w**3 + 3*w**2. Let h be d(-13). Calculate the highest common factor of h and j.
8
Suppose 2*o + 20 = -2*o + 4*j, -3*j - 5 = 2*o. Let w be -1*(-4 - (-3 - o)). Calculate the greatest common divisor of w and 55.
5
Let r = 5 - -3. Let x be (-3 + 39/(-6))*-6. Let z be x + 1 - (-3)/((-9)/6). Calculate the greatest common divisor of r and z.
8
Let s be 46 + 10/(-4) + (-3)/6. Let v be (-17)/5 - 2/(-5). Let w = v + s. What is the greatest common factor of w and 10?
10
Let l be (52/10)/(3/(-15)). Let w be 22*(-3 - l/4). Calculate the highest common divisor of 11 and w.
11
Suppose 22*g + 32 = 26*g. Suppose d = -4*x + 82, -g = -d - 3*d. What is the highest common factor of x and 50?
10
Suppose 71*w = 72*w - 35. Calculate the highest common factor of 560 and w.
35
Suppose 4*l - 5*v + 8*v - 183 = 0, -2*l = -5*v - 111. Suppose 3*u - 5*k + 6 = 93, 12 = u + 4*k. What is the greatest common factor of u and l?
24
Suppose -l - 3*a + 0 + 34 = 0, 0 = -3*l + 5*a + 32. Let v(q) = 5*q**2 + 2*q + 4. Let r be v(-4). What is the highest common divisor of r and l?
19
Let y = 15 - 1. Suppose 0 = 5*i - 6*i - 2, -p - 2*i + 220 = 0. Calculate the greatest common divisor of y and p.
14
Let d = 0 - -3. Suppose 22*k - 785 = 139. Calculate the highest common divisor of d and k.
3
Let j(n) = 11*n**2 - n - 4. Let w(t) = -t**2 + 1. Let l(c) = j(c) + 4*w(c). Let i be l(-2). Calculate the greatest common factor of i and 12.
6
Let b be 4/30 - 17920/(-600). What is the greatest common factor of 6 and b?
6
Suppose b - 23 - 7 = 0. Suppose -26*c = -b*c + 104. What is the highest common divisor of 39 and c?
13
Let o = -414 + 479. Calculate the greatest common factor of o and 145.
5
Let f = -207 + 242. What is the greatest common factor of 14 and f?
7
Suppose -c - 5*n = 17, 0*c + 20 = 5*c + 4*n. Let a(b) = 6*b - 45. Let d be a(c). What is the greatest common factor of d and 9?
3
Let a = 1323 - 1183. What is the greatest common factor of 448 and a?
28
Let u = 1285 + -1245. Calculate the highe